{"id":47673,"date":"2023-01-07T22:50:37","date_gmt":"2023-01-08T01:50:37","guid":{"rendered":"https:\/\/byfilgueira.com\/?post_type=product&#038;p=47673"},"modified":"2023-01-25T01:47:56","modified_gmt":"2023-01-25T04:47:56","slug":"puerta-corredera-riel-de-aluminio-y-accesorios-de-serie","status":"publish","type":"product","link":"https:\/\/byfilgueira.com\/index.php\/producto\/puerta-corredera-riel-de-aluminio-y-accesorios-de-serie\/","title":{"rendered":"Puerta Corredera Riel de Aluminio y  accesorios de serie"},"content":{"rendered":"\t\t<div data-elementor-type=\"product-post\" data-elementor-id=\"47673\" class=\"elementor elementor-47673\">\n\t\t\t\t\t\t\t\t\t<section class=\"elementor-section elementor-top-section elementor-element elementor-element-6d8002f1 elementor-section-boxed elementor-section-height-default elementor-section-height-default\" data-id=\"6d8002f1\" data-element_type=\"section\">\n\t\t\t\t\t\t<div class=\"elementor-container elementor-column-gap-default\">\n\t\t\t\t\t<div class=\"elementor-column elementor-col-100 elementor-top-column elementor-element elementor-element-3010c83d\" data-id=\"3010c83d\" data-element_type=\"column\">\n\t\t\t<div class=\"elementor-widget-wrap elementor-element-populated\">\n\t\t\t\t\t\t\t\t<div class=\"elementor-element elementor-element-5d351430 elementor-widget elementor-widget-text-editor\" data-id=\"5d351430\" data-element_type=\"widget\" data-widget_type=\"text-editor.default\">\n\t\t\t\t<div class=\"elementor-widget-container\">\n\t\t\t<style>\/*! elementor - v3.10.2 - 29-01-2023 *\/\n.elementor-widget-text-editor.elementor-drop-cap-view-stacked .elementor-drop-cap{background-color:#818a91;color:#fff}.elementor-widget-text-editor.elementor-drop-cap-view-framed .elementor-drop-cap{color:#818a91;border:3px solid;background-color:transparent}.elementor-widget-text-editor:not(.elementor-drop-cap-view-default) .elementor-drop-cap{margin-top:8px}.elementor-widget-text-editor:not(.elementor-drop-cap-view-default) .elementor-drop-cap-letter{width:1em;height:1em}.elementor-widget-text-editor .elementor-drop-cap{float:left;text-align:center;line-height:1;font-size:50px}.elementor-widget-text-editor .elementor-drop-cap-letter{display:inline-block}<\/style>\t\t\t\t<p>Las ventanas de UPVC generan un importante ahorro energ\u00e9tico en los hogares; en los \u00faltimos a\u00f1os estas son cada vez m\u00e1s utilizadas por las personas y empresas constructoras gracias al gran aislamiento termoac\u00fastico y al ahorro de energ\u00eda que ofrecen.<\/p>\n<p>Las ventanas de UPVC se caracterizan por su resistencia al viento, a la humedad, al impacto y a los agentes qu\u00edmicos. Son ventanas muy seguras, herm\u00e9ticas, y no propagan el fuego.<\/p>\n<p>Desde hace m\u00e1s de m\u00e1s de 60 a\u00f1os se utilizan en Europa, con una amplia aceptaci\u00f3n.<\/p>\n<p>Las ventanas de UPVC combinan dise\u00f1o, elegancia y confort, adem\u00e1s de la vivencia \u00fanica de estar en una casa eficiente con un gran aislamiento termoac\u00fastico.<\/p>\n<p>Actualmente nuestro pa\u00eds provee ventanas de UPVC para el mercado nacional con est\u00e1ndares de producci\u00f3n internacionales, cumpliendo con las m\u00e1s exigentes certificaciones y normas de calidad. Se caracterizan por su resistencia a la corrosi\u00f3n, al envejecimiento y al ataque qu\u00edmico, atmosf\u00e9rico y bacteriol\u00f3gico. No se deforman,no requieren mantenimiento especial, conservan su color y aspecto por a\u00f1os.<\/p>\t\t\t\t\t\t<\/div>\n\t\t\t\t<\/div>\n\t\t\t\t\t<\/div>\n\t\t<\/div>\n\t\t\t\t\t\t\t<\/div>\n\t\t<\/section>\n\t\t\t\t\t\t\t<\/div>\n\t\t","protected":false},"excerpt":{"rendered":"<p>Las ventanas de UPVC combinan dise\u00f1o, elegancia y confort, adem\u00e1s de la vivencia \u00fanica de estar en una casa eficiente con un gran aislamiento termoac\u00fastico.<\/p>\n","protected":false},"featured_media":48155,"comment_status":"open","ping_status":"closed","template":"","meta":{"_uag_custom_page_level_css":"","jetpack_post_was_ever_published":false},"product_cat":[268,270,271],"product_tag":[],"class_list":["post-47673","product","type-product","status-publish","has-post-thumbnail","hentry","product_cat-aberturas","product_cat-puertas","product_cat-upvc","pa_color-negro-mate"],"uagb_featured_image_src":{"full":["https:\/\/byfilgueira.com\/wp-content\/uploads\/2023\/01\/HTB1J9qQXQH0gK0jSZFNq6xMqXXaM.jpg_720x720q50.webp",720,720,false],"thumbnail":["https:\/\/byfilgueira.com\/wp-content\/uploads\/2023\/01\/HTB1J9qQXQH0gK0jSZFNq6xMqXXaM.jpg_720x720q50-150x150.webp",150,150,true],"medium":["https:\/\/byfilgueira.com\/wp-content\/uploads\/2023\/01\/HTB1J9qQXQH0gK0jSZFNq6xMqXXaM.jpg_720x720q50-300x300.webp",300,300,true],"medium_large":["https:\/\/byfilgueira.com\/wp-content\/uploads\/2023\/01\/HTB1J9qQXQH0gK0jSZFNq6xMqXXaM.jpg_720x720q50.webp",720,720,false],"large":["https:\/\/byfilgueira.com\/wp-content\/uploads\/2023\/01\/HTB1J9qQXQH0gK0jSZFNq6xMqXXaM.jpg_720x720q50.webp",720,720,false],"1536x1536":["https:\/\/byfilgueira.com\/wp-content\/uploads\/2023\/01\/HTB1J9qQXQH0gK0jSZFNq6xMqXXaM.jpg_720x720q50.webp",720,720,false],"2048x2048":["https:\/\/byfilgueira.com\/wp-content\/uploads\/2023\/01\/HTB1J9qQXQH0gK0jSZFNq6xMqXXaM.jpg_720x720q50.webp",720,720,false],"woocommerce_thumbnail":["https:\/\/byfilgueira.com\/wp-content\/uploads\/2023\/01\/HTB1J9qQXQH0gK0jSZFNq6xMqXXaM.jpg_720x720q50-600x600.webp",600,600,true],"woocommerce_single":["https:\/\/byfilgueira.com\/wp-content\/uploads\/2023\/01\/HTB1J9qQXQH0gK0jSZFNq6xMqXXaM.jpg_720x720q50.webp",720,720,false],"woocommerce_gallery_thumbnail":["https:\/\/byfilgueira.com\/wp-content\/uploads\/2023\/01\/HTB1J9qQXQH0gK0jSZFNq6xMqXXaM.jpg_720x720q50-200x200.webp",200,200,true]},"uagb_author_info":{"display_name":"Jonathan Alfonso","author_link":"https:\/\/byfilgueira.com\/index.php\/author\/"},"uagb_comment_info":0,"uagb_excerpt":"Las ventanas de UPVC combinan dise\u00f1o, elegancia y confort, adem\u00e1s de la vivencia \u00fanica de estar en una casa eficiente con un gran aislamiento termoac\u00fastico.","_links":{"self":[{"href":"https:\/\/byfilgueira.com\/index.php\/wp-json\/wp\/v2\/product\/47673","targetHints":{"allow":["GET"]}}],"collection":[{"href":"https:\/\/byfilgueira.com\/index.php\/wp-json\/wp\/v2\/product"}],"about":[{"href":"https:\/\/byfilgueira.com\/index.php\/wp-json\/wp\/v2\/types\/product"}],"replies":[{"embeddable":true,"href":"https:\/\/byfilgueira.com\/index.php\/wp-json\/wp\/v2\/comments?post=47673"}],"version-history":[{"count":5,"href":"https:\/\/byfilgueira.com\/index.php\/wp-json\/wp\/v2\/product\/47673\/revisions"}],"predecessor-version":[{"id":48160,"href":"https:\/\/byfilgueira.com\/index.php\/wp-json\/wp\/v2\/product\/47673\/revisions\/48160"}],"wp:featuredmedia":[{"embeddable":true,"href":"https:\/\/byfilgueira.com\/index.php\/wp-json\/wp\/v2\/media\/48155"}],"wp:attachment":[{"href":"https:\/\/byfilgueira.com\/index.php\/wp-json\/wp\/v2\/media?parent=47673"}],"wp:term":[{"taxonomy":"product_cat","embeddable":true,"href":"https:\/\/byfilgueira.com\/index.php\/wp-json\/wp\/v2\/product_cat?post=47673"},{"taxonomy":"product_tag","embeddable":true,"href":"https:\/\/byfilgueira.com\/index.php\/wp-json\/wp\/v2\/product_tag?post=47673"}],"curies":[{"name":"wp","href":"https:\/\/api.w.org\/{rel}","templated":true}]}}

<div data-elementor-type="product-post" data-elementor-id="47673" class="elementor elementor-47673">
									<section class="elementor-section elementor-top-section elementor-element elementor-element-6d8002f1 elementor-section-boxed elementor-section-height-default elementor-section-height-default" data-id="6d8002f1" data-element_type="section">
						<div class="elementor-container elementor-column-gap-default">
					<div class="elementor-column elementor-col-100 elementor-top-column elementor-element elementor-element-3010c83d" data-id="3010c83d" data-element_type="column">
			<div class="elementor-widget-wrap elementor-element-populated">
								<div class="elementor-element elementor-element-5d351430 elementor-widget elementor-widget-text-editor" data-id="5d351430" data-element_type="widget" data-widget_type="text-editor.default">
				<div class="elementor-widget-container">
			<style>/*! elementor - v3.10.2 - 29-01-2023 */
.elementor-widget-text-editor.elementor-drop-cap-view-stacked .elementor-drop-cap{background-color:#818a91;color:#fff}.elementor-widget-text-editor.elementor-drop-cap-view-framed .elementor-drop-cap{color:#818a91;border:3px solid;background-color:transparent}.elementor-widget-text-editor:not(.elementor-drop-cap-view-default) .elementor-drop-cap{margin-top:8px}.elementor-widget-text-editor:not(.elementor-drop-cap-view-default) .elementor-drop-cap-letter{width:1em;height:1em}.elementor-widget-text-editor .elementor-drop-cap{float:left;text-align:center;line-height:1;font-size:50px}.elementor-widget-text-editor .elementor-drop-cap-letter{display:inline-block}</style>				<p>Las ventanas de UPVC generan un importante ahorro energético en los hogares; en los últimos años estas son cada vez más utilizadas por las personas y empresas constructoras gracias al gran aislamiento termoacústico y al ahorro de energía que ofrecen.</p>
<p>Las ventanas de UPVC se caracterizan por su resistencia al viento, a la humedad, al impacto y a los agentes químicos. Son ventanas muy seguras, herméticas, y no propagan el fuego.</p>
<p>Desde hace más de más de 60 años se utilizan en Europa, con una amplia aceptación.</p>
<p>Las ventanas de UPVC combinan diseño, elegancia y confort, además de la vivencia única de estar en una casa eficiente con un gran aislamiento termoacústico.</p>
<p>Actualmente nuestro país provee ventanas de UPVC para el mercado nacional con estándares de producción internacionales, cumpliendo con las más exigentes certificaciones y normas de calidad. Se caracterizan por su resistencia a la corrosión, al envejecimiento y al ataque químico, atmosférico y bacteriológico. No se deforman,no requieren mantenimiento especial, conservan su color y aspecto por años.</p>						</div>
				</div>
					</div>
		</div>
							</div>
		</section>
							</div>

<p>Las ventanas de UPVC combinan diseño, elegancia y confort, además de la vivencia única de estar en una casa eficiente con un gran aislamiento termoacústico.</p>

Las ventanas de UPVC combinan diseño, elegancia y confort, además de la vivencia única de estar en una casa eficiente con un gran aislamiento termoacústico.
