{"id":47713,"date":"2023-01-08T00:29:25","date_gmt":"2023-01-08T03:29:25","guid":{"rendered":"https:\/\/byfilgueira.com\/?post_type=product&#038;p=47713"},"modified":"2024-02-27T15:36:42","modified_gmt":"2024-02-27T18:36:42","slug":"cerraduras-inteligentes","status":"publish","type":"product","link":"https:\/\/byfilgueira.com\/index.php\/producto\/cerraduras-inteligentes\/","title":{"rendered":"Cerraduras Inteligentes"},"content":{"rendered":"<p>Nuestras Cerraduras inteligentes cuentan con sistemas de bloqueo para mayor seguridad como, huella digital, Password, Tarjeta inteligente o Llave, cuenta con alarma en caso de que se fuerce la cerradura y su desbloque se suspende durante 60 segundos, posee un sistema Anti- espia para que no sea expuesta la clave, tambi\u00e9n tiene la funci\u00f3n Anti-Panico , en caso de emergencia para poder retirase r\u00e1pido, entre otras caracter\u00edsticas .<\/p>\n","protected":false},"excerpt":{"rendered":"<p>Nuestras Cerraduras inteligentes cuentan con sistemas de bloqueo para mayor seguridad como, huella digital, Password, Tarjeta inteligente o Llave, cuenta con alarma en caso de que se fuerce la cerradura y su desbloque se suspende durante 60 segundos, posee un sistema Anti- espia para que no sea expuesta la clave, tambi\u00e9n tiene la funcion Anti-Panico , en caso de emergencia para poder retirase rapido, entre otras caracteristicas .<\/p>\n","protected":false},"featured_media":48444,"comment_status":"open","ping_status":"closed","template":"","meta":{"_uag_custom_page_level_css":"","jetpack_post_was_ever_published":false},"product_cat":[277],"product_tag":[],"class_list":["post-47713","product","type-product","status-publish","has-post-thumbnail","hentry","product_cat-cerraduras","pa_color-negro-mate-de-estrusion","description-off"],"uagb_featured_image_src":{"full":["https:\/\/byfilgueira.com\/wp-content\/uploads\/2023\/01\/COCINAS-7.png",1080,1080,false],"thumbnail":["https:\/\/byfilgueira.com\/wp-content\/uploads\/2023\/01\/COCINAS-7-150x150.png",150,150,true],"medium":["https:\/\/byfilgueira.com\/wp-content\/uploads\/2023\/01\/COCINAS-7-300x300.png",300,300,true],"medium_large":["https:\/\/byfilgueira.com\/wp-content\/uploads\/2023\/01\/COCINAS-7-768x768.png",768,768,true],"large":["https:\/\/byfilgueira.com\/wp-content\/uploads\/2023\/01\/COCINAS-7-1024x1024.png",1024,1024,true],"1536x1536":["https:\/\/byfilgueira.com\/wp-content\/uploads\/2023\/01\/COCINAS-7.png",1080,1080,false],"2048x2048":["https:\/\/byfilgueira.com\/wp-content\/uploads\/2023\/01\/COCINAS-7.png",1080,1080,false],"woocommerce_thumbnail":["https:\/\/byfilgueira.com\/wp-content\/uploads\/2023\/01\/COCINAS-7-600x600.png",600,600,true],"woocommerce_single":["https:\/\/byfilgueira.com\/wp-content\/uploads\/2023\/01\/COCINAS-7.png",1080,1080,false],"woocommerce_gallery_thumbnail":["https:\/\/byfilgueira.com\/wp-content\/uploads\/2023\/01\/COCINAS-7-200x200.png",200,200,true]},"uagb_author_info":{"display_name":"Jonathan Alfonso","author_link":"https:\/\/byfilgueira.com\/index.php\/author\/"},"uagb_comment_info":0,"uagb_excerpt":"Nuestras Cerraduras inteligentes cuentan con sistemas de bloqueo para mayor seguridad como, huella digital, Password, Tarjeta inteligente o Llave, cuenta con alarma en caso de que se fuerce la cerradura y su desbloque se suspende durante 60 segundos, posee un sistema Anti- espia para que no sea expuesta la clave, tambi\u00e9n tiene la funcion Anti-Panico&hellip;","_links":{"self":[{"href":"https:\/\/byfilgueira.com\/index.php\/wp-json\/wp\/v2\/product\/47713","targetHints":{"allow":["GET"]}}],"collection":[{"href":"https:\/\/byfilgueira.com\/index.php\/wp-json\/wp\/v2\/product"}],"about":[{"href":"https:\/\/byfilgueira.com\/index.php\/wp-json\/wp\/v2\/types\/product"}],"replies":[{"embeddable":true,"href":"https:\/\/byfilgueira.com\/index.php\/wp-json\/wp\/v2\/comments?post=47713"}],"version-history":[{"count":3,"href":"https:\/\/byfilgueira.com\/index.php\/wp-json\/wp\/v2\/product\/47713\/revisions"}],"predecessor-version":[{"id":48448,"href":"https:\/\/byfilgueira.com\/index.php\/wp-json\/wp\/v2\/product\/47713\/revisions\/48448"}],"wp:featuredmedia":[{"embeddable":true,"href":"https:\/\/byfilgueira.com\/index.php\/wp-json\/wp\/v2\/media\/48444"}],"wp:attachment":[{"href":"https:\/\/byfilgueira.com\/index.php\/wp-json\/wp\/v2\/media?parent=47713"}],"wp:term":[{"taxonomy":"product_cat","embeddable":true,"href":"https:\/\/byfilgueira.com\/index.php\/wp-json\/wp\/v2\/product_cat?post=47713"},{"taxonomy":"product_tag","embeddable":true,"href":"https:\/\/byfilgueira.com\/index.php\/wp-json\/wp\/v2\/product_tag?post=47713"}],"curies":[{"name":"wp","href":"https:\/\/api.w.org\/{rel}","templated":true}]}}